{"id":1783,"date":"2021-07-14T08:22:39","date_gmt":"2021-07-14T08:22:39","guid":{"rendered":"http:\/\/www.graphimage.org\/?page_id=1783"},"modified":"2021-07-14T08:37:57","modified_gmt":"2021-07-14T08:37:57","slug":"beauchery-saint-martin-13-juillet","status":"publish","type":"page","link":"http:\/\/www.graphimage.org\/?page_id=1783","title":{"rendered":"Beauchery Saint Martin"},"content":{"rendered":"<h2>\u00c9glise fortifi\u00e9e&nbsp; (le 13 juillet 2021)<\/h2>\n<p>Mise en lumi\u00e8re report\u00e9e pour cause de pluies intempestives.<\/p>\n<p>Toutefois pour nous amuser nous avons r\u00e9aliser un petit test dont voici quelques&nbsp; images humides ......<\/p>\n<p><a href=\"http:\/\/www.graphimage.org\/wp-content\/uploads\/2021\/07\/DSC6919.jpg\"><img decoding=\"async\" loading=\"lazy\" class=\"alignnone size-medium wp-image-1789\" src=\"http:\/\/www.graphimage.org\/wp-content\/uploads\/2021\/07\/DSC6919-200x300.jpg\" alt=\"\" width=\"200\" height=\"300\" srcset=\"http:\/\/www.graphimage.org\/wp-content\/uploads\/2021\/07\/DSC6919-200x300.jpg 200w, http:\/\/www.graphimage.org\/wp-content\/uploads\/2021\/07\/DSC6919.jpg 667w\" sizes=\"(max-width: 200px) 100vw, 200px\" \/><\/a><a href=\"http:\/\/www.graphimage.org\/wp-content\/uploads\/2021\/07\/DSC6866.jpg\"><img decoding=\"async\" loading=\"lazy\" class=\"alignnone wp-image-1794\" src=\"http:\/\/www.graphimage.org\/wp-content\/uploads\/2021\/07\/DSC6866-300x200.jpg\" alt=\"\" width=\"551\" height=\"367\" srcset=\"http:\/\/www.graphimage.org\/wp-content\/uploads\/2021\/07\/DSC6866-300x200.jpg 300w, http:\/\/www.graphimage.org\/wp-content\/uploads\/2021\/07\/DSC6866-768x512.jpg 768w, http:\/\/www.graphimage.org\/wp-content\/uploads\/2021\/07\/DSC6866.jpg 1000w\" sizes=\"(max-width: 551px) 100vw, 551px\" \/><\/a><a href=\"http:\/\/www.graphimage.org\/wp-content\/uploads\/2021\/07\/DSC6822.jpg\"><img decoding=\"async\" loading=\"lazy\" class=\"wp-image-1784 alignright\" src=\"http:\/\/www.graphimage.org\/wp-content\/uploads\/2021\/07\/DSC6822-200x300.jpg\" alt=\"\" width=\"296\" height=\"444\" srcset=\"http:\/\/www.graphimage.org\/wp-content\/uploads\/2021\/07\/DSC6822-200x300.jpg 200w, http:\/\/www.graphimage.org\/wp-content\/uploads\/2021\/07\/DSC6822.jpg 667w\" sizes=\"(max-width: 296px) 100vw, 296px\" \/><\/a> <a href=\"http:\/\/www.graphimage.org\/wp-content\/uploads\/2021\/07\/DSC6849.jpg\"><img decoding=\"async\" loading=\"lazy\" class=\"wp-image-1785 alignright\" src=\"http:\/\/www.graphimage.org\/wp-content\/uploads\/2021\/07\/DSC6849-200x300.jpg\" alt=\"\" width=\"401\" height=\"602\" srcset=\"http:\/\/www.graphimage.org\/wp-content\/uploads\/2021\/07\/DSC6849-200x300.jpg 200w, http:\/\/www.graphimage.org\/wp-content\/uploads\/2021\/07\/DSC6849.jpg 667w\" sizes=\"(max-width: 401px) 100vw, 401px\" \/><\/a><a href=\"http:\/\/www.graphimage.org\/wp-content\/uploads\/2021\/07\/DSC6900.jpg\"><img decoding=\"async\" loading=\"lazy\" class=\"alignnone wp-image-1795\" src=\"http:\/\/www.graphimage.org\/wp-content\/uploads\/2021\/07\/DSC6900-200x300.jpg\" alt=\"\" width=\"402\" height=\"603\" srcset=\"http:\/\/www.graphimage.org\/wp-content\/uploads\/2021\/07\/DSC6900-200x300.jpg 200w, http:\/\/www.graphimage.org\/wp-content\/uploads\/2021\/07\/DSC6900.jpg 667w\" sizes=\"(max-width: 402px) 100vw, 402px\" \/><\/a><a href=\"http:\/\/www.graphimage.org\/wp-content\/uploads\/2021\/07\/DSC6855.jpg\"><img decoding=\"async\" loading=\"lazy\" class=\"alignnone size-medium wp-image-1786\" src=\"http:\/\/www.graphimage.org\/wp-content\/uploads\/2021\/07\/DSC6855-200x300.jpg\" alt=\"\" width=\"200\" height=\"300\" srcset=\"http:\/\/www.graphimage.org\/wp-content\/uploads\/2021\/07\/DSC6855-200x300.jpg 200w, http:\/\/www.graphimage.org\/wp-content\/uploads\/2021\/07\/DSC6855.jpg 667w\" sizes=\"(max-width: 200px) 100vw, 200px\" \/><\/a> <a href=\"http:\/\/www.graphimage.org\/wp-content\/uploads\/2021\/07\/DSC6861.jpg\"><img decoding=\"async\" loading=\"lazy\" class=\"wp-image-1787 alignright\" src=\"http:\/\/www.graphimage.org\/wp-content\/uploads\/2021\/07\/DSC6861-200x300.jpg\" alt=\"\" width=\"397\" height=\"596\" srcset=\"http:\/\/www.graphimage.org\/wp-content\/uploads\/2021\/07\/DSC6861-200x300.jpg 200w, http:\/\/www.graphimage.org\/wp-content\/uploads\/2021\/07\/DSC6861.jpg 667w\" sizes=\"(max-width: 397px) 100vw, 397px\" \/><\/a><\/p>\n<p>&nbsp;<\/p>\n<p>&nbsp;<\/p>\n<p>&nbsp;<\/p>\n<p><a href=\"http:\/\/www.graphimage.org\/wp-content\/uploads\/2021\/07\/DSC6907-bis_autre.jpg\"><img decoding=\"async\" loading=\"lazy\" class=\"wp-image-1788 aligncenter\" src=\"http:\/\/www.graphimage.org\/wp-content\/uploads\/2021\/07\/DSC6907-bis_autre-200x300.jpg\" alt=\"\" width=\"324\" height=\"487\" srcset=\"http:\/\/www.graphimage.org\/wp-content\/uploads\/2021\/07\/DSC6907-bis_autre-200x300.jpg 200w, http:\/\/www.graphimage.org\/wp-content\/uploads\/2021\/07\/DSC6907-bis_autre.jpg 667w\" sizes=\"(max-width: 324px) 100vw, 324px\" \/><\/a><\/p>\n","protected":false},"excerpt":{"rendered":"<p>\u00c9glise fortifi\u00e9e&nbsp; (le 13 juillet 2021) Mise en lumi\u00e8re report\u00e9e pour cause de pluies intempestives. Toutefois pour nous amuser nous avons r\u00e9aliser un petit test dont voici quelques&nbsp; images humides &#8230;&#8230; &nbsp; &nbsp; &nbsp;<\/p>\n","protected":false},"author":1,"featured_media":0,"parent":0,"menu_order":0,"comment_status":"closed","ping_status":"closed","template":"","meta":{"ngg_post_thumbnail":0},"_links":{"self":[{"href":"http:\/\/www.graphimage.org\/index.php?rest_route=\/wp\/v2\/pages\/1783"}],"collection":[{"href":"http:\/\/www.graphimage.org\/index.php?rest_route=\/wp\/v2\/pages"}],"about":[{"href":"http:\/\/www.graphimage.org\/index.php?rest_route=\/wp\/v2\/types\/page"}],"author":[{"embeddable":true,"href":"http:\/\/www.graphimage.org\/index.php?rest_route=\/wp\/v2\/users\/1"}],"replies":[{"embeddable":true,"href":"http:\/\/www.graphimage.org\/index.php?rest_route=%2Fwp%2Fv2%2Fcomments&post=1783"}],"version-history":[{"count":6,"href":"http:\/\/www.graphimage.org\/index.php?rest_route=\/wp\/v2\/pages\/1783\/revisions"}],"predecessor-version":[{"id":1845,"href":"http:\/\/www.graphimage.org\/index.php?rest_route=\/wp\/v2\/pages\/1783\/revisions\/1845"}],"wp:attachment":[{"href":"http:\/\/www.graphimage.org\/index.php?rest_route=%2Fwp%2Fv2%2Fmedia&parent=1783"}],"curies":[{"name":"wp","href":"https:\/\/api.w.org\/{rel}","templated":true}]}}