{"id":1136,"date":"2018-02-25T18:37:04","date_gmt":"2018-02-25T18:37:04","guid":{"rendered":"http:\/\/www.graphimage.org\/?page_id=1136"},"modified":"2019-07-07T17:33:39","modified_gmt":"2019-07-07T17:33:39","slug":"tango-expositions","status":"publish","type":"page","link":"http:\/\/www.graphimage.org\/?page_id=1136","title":{"rendered":"TANGO EXPOSITIONS"},"content":{"rendered":"<h1><em><strong>ognat-Tango<\/strong><\/em><\/h1>\n<p>\"Ognat-Tango\"&nbsp; se structure comme une exposition photographique mais aussi comme un support visuel dans lequel la milonga peut se d\u00e9rouler.<\/p>\n<p>Entre exposition et d\u00e9coration, cette suite de roll'up de 0.8 m\u00e8tres sur 2 m\u00e8tres se d\u00e9ploie dans l'espace suivant ces deux modalit\u00e9s.<\/p>\n<h3><a href=\"http:\/\/www.graphimage.org\/wp-content\/uploads\/2018\/08\/DSC_0255.jpg\"><img decoding=\"async\" loading=\"lazy\" class=\"alignnone wp-image-1237\" src=\"http:\/\/www.graphimage.org\/wp-content\/uploads\/2018\/08\/DSC_0255-300x200.jpg\" alt=\"\" width=\"567\" height=\"378\" srcset=\"http:\/\/www.graphimage.org\/wp-content\/uploads\/2018\/08\/DSC_0255-300x200.jpg 300w, http:\/\/www.graphimage.org\/wp-content\/uploads\/2018\/08\/DSC_0255.jpg 629w\" sizes=\"(max-width: 567px) 100vw, 567px\" \/><\/a><\/h3>\n<h3><a href=\"http:\/\/www.graphimage.org\/?page_id=1229\">L'ensemble des images en tant qu'exposition photographique autonome.<\/a><\/h3>\n<p><a href=\"http:\/\/www.graphimage.org\/wp-content\/uploads\/2018\/08\/DSC_3255-bichromie.jpg\"><img decoding=\"async\" loading=\"lazy\" class=\"alignnone wp-image-1209\" src=\"http:\/\/www.graphimage.org\/wp-content\/uploads\/2018\/08\/DSC_3255-bichromie-300x200.jpg\" alt=\"\" width=\"573\" height=\"382\" srcset=\"http:\/\/www.graphimage.org\/wp-content\/uploads\/2018\/08\/DSC_3255-bichromie-300x200.jpg 300w, http:\/\/www.graphimage.org\/wp-content\/uploads\/2018\/08\/DSC_3255-bichromie-768x513.jpg 768w, http:\/\/www.graphimage.org\/wp-content\/uploads\/2018\/08\/DSC_3255-bichromie.jpg 1024w\" sizes=\"(max-width: 573px) 100vw, 573px\" \/><\/a><\/p>\n<h3><a href=\"http:\/\/www.graphimage.org\/?page_id=1182\">L'ensemble des images en que \"d\u00e9coration\".<\/a><\/h3>\n<p><a href=\"http:\/\/www.graphimage.org\/wp-content\/uploads\/2018\/08\/DSC_3921.jpg\"><img decoding=\"async\" loading=\"lazy\" class=\"alignnone wp-image-1186\" src=\"http:\/\/www.graphimage.org\/wp-content\/uploads\/2018\/08\/DSC_3921-300x200.jpg\" alt=\"\" width=\"572\" height=\"381\" srcset=\"http:\/\/www.graphimage.org\/wp-content\/uploads\/2018\/08\/DSC_3921-300x200.jpg 300w, http:\/\/www.graphimage.org\/wp-content\/uploads\/2018\/08\/DSC_3921.jpg 629w\" sizes=\"(max-width: 572px) 100vw, 572px\" \/><\/a><\/p>\n<p><a href=\"http:\/\/www.graphimage.org\/?page_id=1182\">Des espaces en construction (Works in progress) que nous pouvons \u00e9laborer ensembles<\/a> .............<a href=\"http:\/\/www.graphimage.org\/?page_id=56\">Contactez nous<\/a>...<\/p>\n<p>&nbsp;<\/p>\n","protected":false},"excerpt":{"rendered":"<p>ognat-Tango &#8220;Ognat-Tango&#8221;&nbsp; se structure comme une exposition photographique mais aussi comme un support visuel dans lequel la milonga peut se d\u00e9rouler. Entre exposition et d\u00e9coration, cette suite de roll&#8217;up de 0.8 m\u00e8tres sur 2 m\u00e8tres se d\u00e9ploie dans l&#8217;espace suivant ces deux modalit\u00e9s. L&#8217;ensemble des images en tant qu&#8217;exposition photographique autonome. L&#8217;ensemble des images en [&hellip;]<\/p>\n","protected":false},"author":1,"featured_media":0,"parent":0,"menu_order":0,"comment_status":"closed","ping_status":"closed","template":"","meta":{"ngg_post_thumbnail":0},"_links":{"self":[{"href":"http:\/\/www.graphimage.org\/index.php?rest_route=\/wp\/v2\/pages\/1136"}],"collection":[{"href":"http:\/\/www.graphimage.org\/index.php?rest_route=\/wp\/v2\/pages"}],"about":[{"href":"http:\/\/www.graphimage.org\/index.php?rest_route=\/wp\/v2\/types\/page"}],"author":[{"embeddable":true,"href":"http:\/\/www.graphimage.org\/index.php?rest_route=\/wp\/v2\/users\/1"}],"replies":[{"embeddable":true,"href":"http:\/\/www.graphimage.org\/index.php?rest_route=%2Fwp%2Fv2%2Fcomments&post=1136"}],"version-history":[{"count":13,"href":"http:\/\/www.graphimage.org\/index.php?rest_route=\/wp\/v2\/pages\/1136\/revisions"}],"predecessor-version":[{"id":1383,"href":"http:\/\/www.graphimage.org\/index.php?rest_route=\/wp\/v2\/pages\/1136\/revisions\/1383"}],"wp:attachment":[{"href":"http:\/\/www.graphimage.org\/index.php?rest_route=%2Fwp%2Fv2%2Fmedia&parent=1136"}],"curies":[{"name":"wp","href":"https:\/\/api.w.org\/{rel}","templated":true}]}}